te the remainder when 392682 is divided by 976.
330
Calculate the remainder when 13508822 is divided by 513.
506
What is the remainder when 89407 is divided by 22?
21
Calculate the remainder when 2917713 is divided by 228.
225
What is the remainder when 6096125 is divided by 7?
0
What is the remainder when 10465051 is divided by 624?
571
What is the remainder when 443835 is divided by 1104?
27
Calculate the remainder when 6115 is divided by 3813.
2302
Calculate the remainder when 32582 is divided by 32498.
84
Calculate the remainder when 70015704 is divided by 2444.
2436
What is the remainder when 109900674 is divided by 701?
698
Calculate the remainder when 21632 is divided by 1151.
914
What is the remainder when 5903429 is divided by 1790?
9
Calculate the remainder when 93470522 is divided by 7346.
18
What is the remainder when 140742 is divided by 7?
0
Calculate the remainder when 3590294 is divided by 446.
440
What is the remainder when 2898638 is divided by 17?
2
Calculate the remainder when 81437971 is divided by 701.
698
Calculate the remainder when 136053 is divided by 12313.
610
What is the remainder when 14370414 is divided by 42?
30
What is the remainder when 625350 is divided by 1718?
1716
Calculate the remainder when 115705 is divided by 57657.
391
Calculate the remainder when 433587 is divided by 2813.
385
Calculate the remainder when 463949923 is divided by 781.
778
What is the remainder when 3091580 is divided by 123656?
180
What is the remainder when 665197 is divided by 319?
82
Calculate the remainder when 107298464 is divided by 224.
0
Calculate the remainder when 3939360 is divided by 104.
48
Calculate the remainder when 437801 is divided by 1811.
1350
Calculate the remainder when 204807 is divided by 7289.
715
Calculate the remainder when 380533 is divided by 17856.
5557
Calculate the remainder when 176832 is divided by 1212.
1092
Calculate the remainder when 25290246 is divided by 549.
12
Calculate the remainder when 15979530 is divided by 188.
94
What is the remainder when 18662374 is divided by 698?
646
What is the remainder when 5071088 is divided by 646?
634
What is the remainder when 5804666 is divided by 372?
350
What is the remainder when 222876503 is divided by 4?
3
Calculate the remainder when 121626683 is divided by 39.
35
Calculate the remainder when 909292 is divided by 129646.
1770
What is the remainder when 23309459 is divided by 1264?
35
What is the remainder when 10362216 is divided by 81?
48
What is the remainder when 7112563 is divided by 419?
38
Calculate the remainder when 40154118 is divided by 92521.
4
What is the remainder when 940811 is divided by 36105?
2081
Calculate the remainder when 4896219 is divided by 45.
39
What is the remainder when 399985 is divided by 4938?
7
What is the remainder when 17651 is divided by 490?
11
What is the remainder when 1260010 is divided by 140000?
10
Calculate the remainder when 1217 is divided by 96.
65
Calculate the remainder when 7844159 is divided by 831.
350
What is the remainder when 10920728 is divided by 804?
800
Calculate the remainder when 2517 is divided by 8.
5
What is the remainder when 997235 is divided by 9138?
1193
What is the remainder when 10264943 is divided by 237?
236
What is the remainder when 468527 is divided by 3577?
3517
What is the remainder when 40175 is divided by 39963?
212
What is the remainder when 1470867 is divided by 210110?
97
What is the remainder when 204667300 is divided by 692?
688
Calculate the remainder when 486804 is divided by 13903.
199
What is the remainder when 148195 is divided by 603?
460
What is the remainder when 180118759 is divided by 2982?
2977
Calculate the remainder when 167436 is divided by 5782.
5540
What is the remainder when 142411 is divided by 89?
11
Calculate the remainder when 44548704 is divided by 12556.
16
Calculate the remainder when 4803560 is divided by 3402.
3338
Calculate the remainder when 60678155 is divided by 12135624.
35
What is the remainder when 462098 is divided by 10744?
106
What is the remainder when 6156958 is divided by 2252?
2242
Calculate the remainder when 567670 is divided by 632.
134
Calculate the remainder when 508341 is divided by 6.
3
What is the remainder when 31192 is divided by 3958?
3486
What is the remainder when 5072279 is divided by 175?
79
What is the remainder when 1072243 is divided by 51?
19
What is the remainder when 43950823 is divided by 45?
43
What is the remainder when 910057 is divided by 11?
5
What is the remainder when 64823 is divided by 21421?
560
Calculate the remainder when 201613406 is divided by 20161340.
6
Calculate the remainder when 124201 is divided by 144.
73
What is the remainder when 5232999 is divided by 235?
19
Calculate the remainder when 11516 is divided by 948.
140
Calculate the remainder when 2179688 is divided by 8383.
108
Calculate the remainder when 219428 is divided by 1515.
1268
Calculate the remainder when 6857660 is divided by 19.
9
Calculate the remainder when 12319847 is divided by 253.
12
What is the remainder when 161459724 is divided by 43252?
8
What is the remainder when 1167291 is divided by 2721?
2703
Calculate the remainder when 15042789 is divided by 38770.
29
What is the remainder when 13859 is divided by 12688?
1171
What is the remainder when 80942974 is divided by 1266?
1264
What is the remainder when 400715587 is divided by 2930?
2927
What is the remainder when 357031478 is divided by 71406294?
8
What is the remainder when 27418099 is divided by 542?
487
What is the remainder when 136615255 is divided by 1998?
7
Calculate the remainder when 21403 is divided by 1365.
928
Calculate the remainder when 1553954 is divided by 18.
14
What is the remainder when 95982 is divided by 30829?
3495
What is the remainder when 1470537 is divided by 693?
684
What is the remainder when 31731154 is divided by 1133255?
14
Calculate the remainder when 9764330 is divided by 46.
2
Calculate the remainder when 40204 is divided by 40170.
34
Calculate the remainder when 15787274 is divided by 13788.
14
Calculate the remainder when 119555 is divided by 6640.
35
Calculate the remainder when 6348112 is divided by 3174056.
0
What is the remainder when 65226792 is divided by 4659056?
8
Calculate the remainder when 103926 is divided by 3849.
3
Calculate the remainder when 1069922 is divided by 19.
13
What is the remainder when 21416407 is divided by 7138802?
1
What is the remainder when 2260829 is divided by 1130412?
5
What is the remainder when 3523353 is divided by 52?
41
Calculate the remainder when 700984618 is divided by 10689.
10687
What is the remainder when 9060893 is divided by 2265134?
357
What is the remainder when 131858 is divided by 8788?
38
Calculate the remainder when 1326 is divided by 313.
74
What is the remainder when 108405830 is divided by 2644044?
26
What is the remainder when 205636 is divided by 41125?
11
Calculate the remainder when 3152868 is divided by 235.
108
Calculate the remainder when 1645931 is divided by 7.
0
Calculate the remainder when 392228 is divided by 1226.
1134
Calculate the remainder when 20408783 is divided by 4667.
4659
Calculate the remainder when 959367 is divided by 319770.
57
What is the remainder when 6650587 is divided by 645?
637
Calculate the remainder when 1622845 is divided by 147530.
15
What is the remainder when 2868814 is divided by 28402?
212
Calculate the remainder when 26051531 is divided by 28.
23
What is the remainder when 122238 is divided by 516?
462
Calculate the remainder when 1866990 is divided by 854.
146
Calculate the remainder when 7390050 is divided by 911.
18
Calculate the remainder when 41465 is divided by 10353.
53
Calculate the remainder when 758294 is divided by 13784.
174
What is the remainder when 10540053 is divided by 206667?
36
Calculate the remainder when 34365 is divided by 171.
165
Calculate the remainder when 19137998 is divided by 911333.
5
What is the remainder when 1514217 is divided by 14701?
14
Calculate the remainder when 1400089 is divided by 295.
19
Calculate the remainder when 3914310 is divided by 17.
9
What is the remainder when 2318867 is divided by 772939?
50
Calculate the remainder when 9701556 is divided by 7.
4
What is the remainder when 28644